et l be x(3). Calculate the highest common factor of 190 and l.
38
Let y = -757 - -940. What is the highest common divisor of 3233 and y?
61
Let p(s) = 2636*s - 8680. Let c be p(5). What is the highest common divisor of c and 108?
36
Let k(s) be the first derivative of s**3/3 - 5*s**2/2 - 5*s - 501. Let a = 21 - 12. Let i be k(a). What is the highest common divisor of 248 and i?
31
Let r be 88/2 - 12/(168/(-70)). What is the highest common divisor of r and 9604?
49
Let q(w) = 7*w - 1. Let z(x) = -4*x - 10. Let y be z(-5). Let m be q(y). Suppose 0 = -0*a - 2*a + 46. What is the greatest common divisor of a and m?
23
Let n = -160 + 137. Let o be -5 + -2 + 2 - n. Suppose k = 2*w - 184, 3*k - 110 = -w + 8*k. Calculate the highest common divisor of o and w.
18
Suppose 35*p - 4499 = 4426. Calculate the greatest common divisor of p and 680.
85
Let x(l) = -48*l**2 - 50 + 49*l**2 - 9*l + 26*l + 6. Let a be x(-39). Calculate the greatest common factor of 74 and a.
74
Let z(s) = 370*s**2 + 723*s + 2. Let q be z(-4). Calculate the highest common factor of q and 30.
30
Let f(q) = 2*q**3 + 11*q**2 + 13*q + 19. Let m be f(-8). Let j = -395 - m. Calculate the highest common factor of j and 160.
10
Suppose -3*n + 144 = v, 3*n - 1054 = -5*v - 382. Calculate the highest common factor of 2673 and v.
33
Suppose 44 = 25*l - 56. Suppose -5*n - 84 = -2*u, -l*u + 150 + 70 = 3*n. Calculate the greatest common divisor of u and 13.
13
Let d = 28 - 16. Suppose 367*h = 326*h + 1968. Calculate the highest common factor of h and d.
12
Let p be (2 - 0 - 0) + -26. Let k(c) = c**3 + c**2 + 6*c + 3. Let v be k(-3). Let m = p - v. What is the greatest common factor of m and 27?
9
Suppose -847*p + 254098 = -818*p. Calculate the greatest common factor of 78 and p.
26
Suppose 18 = -r + 126. Let s(g) = 134*g**3 + 7*g**2 - 6. Let f be s(1). What is the greatest common factor of f and r?
27
Suppose 0 = -5*g + 42*c - 41*c + 2083, 0 = -4*c + 28. Calculate the greatest common divisor of 2717 and g.
209
Suppose -28*v + 26*v + 2994 = 2*o, 7 = -o. Calculate the highest common factor of v and 1222.
94
Let i(v) = v**3 + 19*v**2 + 3*v + 66. Let a be i(-19). Suppose -5*h = a*h - 1386. Calculate the highest common divisor of h and 11.
11
Let s(j) = -j**2 - 18*j - 71. Let r be s(-12). Let n be r/6*-69*-2. Calculate the highest common divisor of n and 460.
23
Let p = -517 + 784. Suppose 0 = l - 3*o - p, -l = -5*o - 234 - 29. What is the greatest common divisor of l and 13?
13
Let l be (-4 - 21/(-6)) + (-172)/(-8). Suppose 5*w + q = 690, -2*w = -18*q + l*q - 276. What is the greatest common divisor of w and 12?
6
Suppose 0 = 5*p - 10*p - 105. Let r = -31 - p. Let w = r + 15. What is the greatest common factor of w and 20?
5
Let q = -15804 + 16249. Calculate the greatest common factor of q and 1958.
89
Let s(u) = 25*u + 18. Let o be s(5). Let f = o - 134. What is the highest common factor of 24 and f?
3
Let j be (-2813)/(-58) - 1*(-5)/(-10). Suppose s = 6*s - 40. Suppose 5*n = 72 + s. Calculate the highest common divisor of j and n.
16
Suppose -18*i = -25*i - 42. Let a be ((-178)/(-14) - 6) + i/(-21). Calculate the greatest common factor of 287 and a.
7
Let b(k) = 87*k - 366. Let w be b(5). What is the greatest common divisor of 72 and w?
3
Let b(s) = 9*s - 4. Let i be b(3). Let p = 20 - -4. Suppose p*v = 2101 + 1763. Calculate the greatest common divisor of v and i.
23
Suppose 44*o + 10*o - 301752 = -63936. What is the greatest common divisor of o and 12?
12
Let k = -4 - -49. Let u = 244 + -239. Suppose 53 = u*y - 97. What is the greatest common divisor of y and k?
15
Let s be ((-63)/12)/(1/(-16)). Let f(d) = -910*d - 18172. Let w be f(-20). What is the greatest common factor of w and s?
28
Suppose 3*w = 4*w - 156. Suppose -4*l = -8*l + 140. Suppose -4*y + l = -121. What is the greatest common divisor of y and w?
39
Let a(u) = u**2 + 35*u + 134. Let m be a(-4). What is the greatest common divisor of 95 and m?
5
Let i(s) = 38 - 16 - s + 11*s**2 + 7*s. Let d be i(-4). Let w = d + -122. What is the highest common divisor of 13 and w?
13
Let a(y) = 45*y**2 - 159*y - 12. Let x be a(6). What is the greatest common divisor of 436 and x?
218
Let a(d) = 7*d - 14. Suppose 0 = 3*v + 10 - 124. Suppose i = 3*y - 4*i - v, -5*y + 34 = -i. Let f be a(y). What is the greatest common divisor of 84 and f?
28
Let d be (0 + -1631)/((-1)/2). Suppose 0 = 5*q + 382 - d. Calculate the greatest common factor of q and 36.
36
Let t(f) = 58*f - 394. Let l be t(9). Let s(k) = 5*k**2 - k + 1. Let x be s(1). Suppose -89 = -x*o - 9. What is the highest common factor of o and l?
16
Let r be -4*(-2 - (4 + -5)). Suppose 0 = r*n - 3*b - 25, -n - 3*b + 35 = n. Let u be 90 - 5/(n/(-4)). Calculate the highest common factor of u and 23.
23
Let c be (32*(-3)/2 - 2)*875/(-70). Calculate the highest common factor of c and 75.
25
Let h(q) = q + 24. Let c = 81 - 101. Let m be h(c). Suppose m*t + 0*t = 224. Calculate the highest common divisor of t and 16.
8
Suppose 22*b = 25*b - 312. Suppose 3*k - b = -92. Suppose -3*q + k*z = -65, 2*q + 0*z - 42 = 2*z. What is the highest common factor of 171 and q?
19
Let d = 2748 + -1748. What is the greatest common factor of 40 and d?
40
Suppose -40*i + 17087 - 15687 = 0. Calculate the greatest common divisor of i and 2180.
5
Let k = -475 - -804. Suppose -x - 2*q = -79, -9*q + k = 4*x - 14*q. What is the highest common divisor of 54 and x?
27
Suppose -42*a = -45*a + 3*o + 60138, 4*a + 2*o - 80136 = 0. What is the greatest common factor of 86 and a?
86
Suppose -148*c + 130*c = -58752. What is the highest common divisor of 24 and c?
24
Suppose -160*p + 55106 + 21854 = 0. Calculate the greatest common divisor of p and 148.
37
Suppose -28*k - 155*k + 4807 = 26*k. Calculate the highest common factor of 943 and k.
23
Suppose -4*n - 2*a + 74 = -3*n, 2*a = -5*n + 362. Suppose 4*x = -3*x + 630. Let l = -42 + x. What is the greatest common divisor of l and n?
24
Suppose -2*f = 5*j - 12315, 11*f - 7*f = 4*j + 24672. What is the highest common factor of f and 15?
15
Suppose 20*v + 212 = 16*v. Let b = -50 - v. Suppose -b*n - 24 = -63. What is the greatest common divisor of 13 and n?
13
Let w = 78 - 64. Let v be w*(-1)/(-4)*74. Suppose -b + 16 = f - 23, -43 = -b - 3*f. Calculate the greatest common factor of v and b.
37
Suppose 5*o - 3*d = 40, 7*o + 5*d + 40 = 10*o. Suppose -90 = -5*w + 2*h + 56, -140 = -5*w + o*h. What is the highest common divisor of w and 2?
2
Let z(a) = a + 85. Let j(p) = -p**2 + 25*p - 122. Let n be j(19). Let t be z(n). Let q = 35 + -21. Calculate the greatest common divisor of t and q.
7
Let u = 2575 + -2225. What is the highest common factor of 1260 and u?
70
Let t = 2350 + -2346. Calculate the greatest common factor of t and 78.
2
Let f(w) = w + 2. Let x be f(4). Let d = -229 + 277. Suppose 0 = h - i - 83, -d*h + 47*h - 2*i + 68 = 0. Calculate the highest common factor of h and x.
6
Let w = 3 + 11. Let g = -11 + w. Suppose -2*h + 240 = 210. What is the highest common factor of g and h?
3
Let p = -807 + 913. What is the highest common divisor of p and 4?
2
Suppose -4*u = -5*o + 342, -o + 3*u - 20 = -84. Let k be (104997/186)/((-2)/(-4)). Let r = k - 1109. Calculate the highest common factor of o and r.
10
Let y(u) = 6957*u**2 + 58*u - 111. Let i be y(2). Calculate the highest common factor of 13 and i.
13
Let x = 14 + 14. Let i(d) = 2*d**2 - 101*d + 152. Let h = 655 - 603. Let t be i(h). What is the greatest common divisor of t and x?
28
Let r(q) = 4*q**2 + 6*q + 6. Let h be r(-7). Suppose -y + 141 + 46 = 2*g, 2*g - 172 = -4*y. What is the greatest common factor of g and h?
32
Let w = -551 - -2421. What is the greatest common factor of w and 272?
34
Let r be ((-72)/(-162) - 2/6) + 7106/198. What is the highest common divisor of 1986 and r?
6
Let k(y) = y**2 + y + 2. Let u be k(-4). Let j(b) = b - 8. Let f be j(u). Let x be -3*(1 + 0 + 4/(-2)). What is the highest common divisor of x and f?
3
Let h be 2*1/(-2) - -49. Let i = -290 + 295. Suppose r - 23 = -3*m, -i*r + m = -4*m - 175. What is the greatest common factor of h and r?
16
Suppose 5*y + 4 = -2*s, -5*s + 0 = -2*y - 19. Let m be s - (-27)/(-4 + 7). Let w = 158 + -50. Calculate the greatest common divisor of m and w.
12
Suppose 12*y + 19